{"id":76,"date":"2021-01-27T15:14:26","date_gmt":"2021-01-27T14:14:26","guid":{"rendered":"http:\/\/svettisku.eu\/?page_id=76"},"modified":"2021-04-08T19:08:52","modified_gmt":"2021-04-08T17:08:52","slug":"novy-svet-tisku","status":"publish","type":"page","link":"https:\/\/svettisku.eu\/","title":{"rendered":"Nov\u00fd Sv\u011bt tisku"},"content":{"rendered":"\n<p>Po n\u011bkolika letech stagnace pap\u00edrov\u00e9ho \u010dasopisu Sv\u011bt tisku n\u00e1s sou\u010dasn\u00e1 situace p\u0159ivedla k my\u0161lence p\u0159ipravit server, s informacemi, kter\u00e9 budete r\u00e1di \u010d\u00edst a kter\u00e9 v\u00e1m p\u0159inesou sv\u011b\u017e\u00ed informace z obor\u016f spojen\u00fdch s tiskem. V\u00edtejte u n\u00e1s ve Sv\u011bt\u011b tisku (a nejen tisku).<\/p>\n\n\n\n<figure class=\"wp-block-gallery columns-1 is-cropped wp-block-gallery-1 is-layout-flex wp-block-gallery-is-layout-flex\"><ul class=\"blocks-gallery-grid\"><li class=\"blocks-gallery-item\"><figure><img loading=\"lazy\" decoding=\"async\" width=\"600\" height=\"600\" src=\"https:\/\/svettisku.eu\/wp-content\/uploads\/2021\/03\/reklama_1.png\" alt=\"\" data-id=\"292\" data-full-url=\"https:\/\/svettisku.eu\/wp-content\/uploads\/2021\/03\/reklama_1.png\" data-link=\"https:\/\/svettisku.eu\/reklama_1\/\" class=\"wp-image-292\" srcset=\"https:\/\/svettisku.eu\/wp-content\/uploads\/2021\/03\/reklama_1.png 600w, https:\/\/svettisku.eu\/wp-content\/uploads\/2021\/03\/reklama_1-300x300.png 300w, https:\/\/svettisku.eu\/wp-content\/uploads\/2021\/03\/reklama_1-150x150.png 150w\" sizes=\"auto, (max-width: 600px) 100vw, 600px\" \/><\/figure><\/li><\/ul><\/figure>\n","protected":false},"excerpt":{"rendered":"<p>Po n\u011bkolika letech stagnace pap\u00edrov\u00e9ho \u010dasopisu Sv\u011bt tisku n\u00e1s sou\u010dasn\u00e1 situace p\u0159ivedla k my\u0161lence p\u0159ipravit server, s informacemi, kter\u00e9 budete r\u00e1di \u010d\u00edst a kter\u00e9 v\u00e1m p\u0159inesou sv\u011b\u017e\u00ed informace z obor\u016f spojen\u00fdch s tiskem. V\u00edtejte u n\u00e1s ve Sv\u011bt\u011b tisku (a nejen tisku).<\/p>\n","protected":false},"author":1,"featured_media":0,"parent":0,"menu_order":0,"comment_status":"closed","ping_status":"closed","template":"","meta":{"footnotes":""},"class_list":["post-76","page","type-page","status-publish","hentry",""],"_links":{"self":[{"href":"https:\/\/svettisku.eu\/index.php\/wp-json\/wp\/v2\/pages\/76","targetHints":{"allow":["GET"]}}],"collection":[{"href":"https:\/\/svettisku.eu\/index.php\/wp-json\/wp\/v2\/pages"}],"about":[{"href":"https:\/\/svettisku.eu\/index.php\/wp-json\/wp\/v2\/types\/page"}],"author":[{"embeddable":true,"href":"https:\/\/svettisku.eu\/index.php\/wp-json\/wp\/v2\/users\/1"}],"replies":[{"embeddable":true,"href":"https:\/\/svettisku.eu\/index.php\/wp-json\/wp\/v2\/comments?post=76"}],"version-history":[{"count":4,"href":"https:\/\/svettisku.eu\/index.php\/wp-json\/wp\/v2\/pages\/76\/revisions"}],"predecessor-version":[{"id":336,"href":"https:\/\/svettisku.eu\/index.php\/wp-json\/wp\/v2\/pages\/76\/revisions\/336"}],"wp:attachment":[{"href":"https:\/\/svettisku.eu\/index.php\/wp-json\/wp\/v2\/media?parent=76"}],"curies":[{"name":"wp","href":"https:\/\/api.w.org\/{rel}","templated":true}]}}