{"id":12,"date":"2021-01-23T20:23:51","date_gmt":"2021-01-23T19:23:51","guid":{"rendered":"http:\/\/svettisku.eu\/?page_id=12"},"modified":"2021-03-19T12:21:07","modified_gmt":"2021-03-19T11:21:07","slug":"kontakt","status":"publish","type":"page","link":"https:\/\/svettisku.eu\/index.php\/kontakt\/","title":{"rendered":"Kontakt"},"content":{"rendered":"\n<p>V\u0161echny ot\u00e1zky, p\u0159\u00edsp\u011bvky i n\u00e1m\u011bty sm\u011b\u0159ujte pros\u00edm na info (znak zavin\u00e1\u010de) svettisku.eu<\/p>\n","protected":false},"excerpt":{"rendered":"<p>V\u0161echny ot\u00e1zky, p\u0159\u00edsp\u011bvky i n\u00e1m\u011bty sm\u011b\u0159ujte pros\u00edm na info (znak zavin\u00e1\u010de) svettisku.eu<\/p>\n","protected":false},"author":1,"featured_media":0,"parent":0,"menu_order":0,"comment_status":"closed","ping_status":"closed","template":"","meta":{"footnotes":""},"class_list":["post-12","page","type-page","status-publish","hentry",""],"_links":{"self":[{"href":"https:\/\/svettisku.eu\/index.php\/wp-json\/wp\/v2\/pages\/12","targetHints":{"allow":["GET"]}}],"collection":[{"href":"https:\/\/svettisku.eu\/index.php\/wp-json\/wp\/v2\/pages"}],"about":[{"href":"https:\/\/svettisku.eu\/index.php\/wp-json\/wp\/v2\/types\/page"}],"author":[{"embeddable":true,"href":"https:\/\/svettisku.eu\/index.php\/wp-json\/wp\/v2\/users\/1"}],"replies":[{"embeddable":true,"href":"https:\/\/svettisku.eu\/index.php\/wp-json\/wp\/v2\/comments?post=12"}],"version-history":[{"count":3,"href":"https:\/\/svettisku.eu\/index.php\/wp-json\/wp\/v2\/pages\/12\/revisions"}],"predecessor-version":[{"id":296,"href":"https:\/\/svettisku.eu\/index.php\/wp-json\/wp\/v2\/pages\/12\/revisions\/296"}],"wp:attachment":[{"href":"https:\/\/svettisku.eu\/index.php\/wp-json\/wp\/v2\/media?parent=12"}],"curies":[{"name":"wp","href":"https:\/\/api.w.org\/{rel}","templated":true}]}}