{"id":11,"date":"2021-01-23T20:23:51","date_gmt":"2021-01-23T19:23:51","guid":{"rendered":"http:\/\/svettisku.eu\/?page_id=11"},"modified":"2021-01-28T11:49:34","modified_gmt":"2021-01-28T10:49:34","slug":"o-nas","status":"publish","type":"page","link":"https:\/\/svettisku.eu\/index.php\/o-nas\/","title":{"rendered":"O n\u00e1s"},"content":{"rendered":"\n<p>\u010casopis <strong>Sv\u011bt tisku<\/strong> se mnou \u017eije celou dobu, po kterou vych\u00e1z\u00ed. <br>Snad se povede naplnit jeho str\u00e1nky zaj\u00edmav\u00e1mi informacemi i v dal\u0161\u00edch letech.<\/p>\n\n\n\n<figure class=\"wp-block-image size-large is-style-default\"><img decoding=\"async\" src=\"http:\/\/svettisku.eu\/wp-content\/uploads\/2021\/01\/St_1.png\" alt=\"\" class=\"wp-image-119\"\/><figcaption>Kdo si vzpomene na prvn\u00ed \u010d\u00edslo?<\/figcaption><\/figure>\n\n\n\n<p><\/p>\n\n\n\n<p><\/p>\n","protected":false},"excerpt":{"rendered":"<p>\u010casopis Sv\u011bt tisku se mnou \u017eije celou dobu, po kterou vych\u00e1z\u00ed. Snad se povede naplnit jeho str\u00e1nky zaj\u00edmav\u00e1mi informacemi i v dal\u0161\u00edch letech.<\/p>\n","protected":false},"author":1,"featured_media":0,"parent":0,"menu_order":0,"comment_status":"closed","ping_status":"closed","template":"","meta":{"footnotes":""},"class_list":["post-11","page","type-page","status-publish","hentry",""],"_links":{"self":[{"href":"https:\/\/svettisku.eu\/index.php\/wp-json\/wp\/v2\/pages\/11","targetHints":{"allow":["GET"]}}],"collection":[{"href":"https:\/\/svettisku.eu\/index.php\/wp-json\/wp\/v2\/pages"}],"about":[{"href":"https:\/\/svettisku.eu\/index.php\/wp-json\/wp\/v2\/types\/page"}],"author":[{"embeddable":true,"href":"https:\/\/svettisku.eu\/index.php\/wp-json\/wp\/v2\/users\/1"}],"replies":[{"embeddable":true,"href":"https:\/\/svettisku.eu\/index.php\/wp-json\/wp\/v2\/comments?post=11"}],"version-history":[{"count":5,"href":"https:\/\/svettisku.eu\/index.php\/wp-json\/wp\/v2\/pages\/11\/revisions"}],"predecessor-version":[{"id":145,"href":"https:\/\/svettisku.eu\/index.php\/wp-json\/wp\/v2\/pages\/11\/revisions\/145"}],"wp:attachment":[{"href":"https:\/\/svettisku.eu\/index.php\/wp-json\/wp\/v2\/media?parent=11"}],"curies":[{"name":"wp","href":"https:\/\/api.w.org\/{rel}","templated":true}]}}